3*g. Suppose -g*k = 22 - 72. Calculate the highest common factor of 5 and k.
5
Let m = 71 - 43. Suppose -m = -2*z - 5*g, -2*g - 6 = -5*g. Calculate the greatest common divisor of z and 45.
9
Let s(a) = a**2 - 2. Let o be s(4). Calculate the highest common factor of 7 and o.
7
Let a = -5 + 0. Let l(c) = -c**2 + 19*c - 5. Let o be l(10). Let q = a + o. What is the highest common divisor of 32 and q?
16
Suppose 6*y - 2*y = 24. Suppose w - 80 = -50. What is the highest common factor of y and w?
6
Suppose 2*u + 4*j - 58 = 0, 0 = -4*u + 4*j + 130 + 22. What is the greatest common divisor of 14 and u?
7
Suppose -4*x = -9*x. Suppose x = 4*a - 222 + 2. What is the greatest common factor of a and 5?
5
Suppose -28 + 2 = -3*z + c, -3*c - 30 = -3*z. Let i be 1*(0 + (1 - 1)). Suppose y + 3 = i, -4*b + 27 + 2 = y. What is the greatest common factor of b and z?
8
Let v be (106/8 - 2)/(3/8). Calculate the greatest common divisor of v and 45.
15
Let s(u) = u**2 + u + 3. Let k be s(-3). Suppose -y - 3 = -36. Suppose -t + y = -39. What is the greatest common factor of k and t?
9
Let f(v) = 2*v**2 + 14*v - 4. Let b be f(-8). What is the greatest common divisor of 18 and b?
6
Let o = 50 - 34. What is the greatest common divisor of o and 64?
16
Let i be ((-4)/6)/(2/(-6)). Let o be (-2 - -7) + (0 - i). Suppose -o = -0*q - q, 0 = -f + 5*q - 13. What is the highest common divisor of f and 5?
1
Suppose 14 = 4*o + 2*g, 0*o = -2*o + 2*g - 8. Let y be -1 + 2 + (-21)/o. Let n = y + 47. What is the highest common factor of 3 and n?
3
Let r be 15*(15 + (-7 - -4)). Suppose 0 = -5*t + 31 - 1. Suppose -2*l + 2*k - 76 = -t*l, -3*l + 50 = -2*k. Calculate the greatest common divisor of l and r.
18
Suppose 2*t = -2*t - m - 12, -3*t - m - 10 = 0. Let j be (5/t)/((-1)/32). What is the highest common factor of j and 16?
16
Suppose -5*p + 3*q = 1418, 2*p + 3*q + 398 = -165. Suppose 5*o = -d - 178, -d = -3*o + 14 + 188. Let r = d - p. What is the greatest common divisor of r and 10?
10
Let v be (4/6)/(1/3). Let t = 20 - v. Let s(u) = 3*u**2 + 2*u - 2. Let n be s(-2). What is the highest common divisor of n and t?
6
Let z = 2 - -1. Suppose 2*t + z*t - 80 = 0. Calculate the greatest common divisor of t and 8.
8
Let s(n) = n**2 - 29*n + 5. Let k(q) = 15*q - 3. Let l(m) = 5*k(m) + 3*s(m). Let o be l(8). What is the greatest common divisor of o and 12?
12
Let m = -4 - -8. Let v = 7 + -3. Calculate the greatest common factor of m and v.
4
Let b(l) = 5*l**2 - 3. Let c be b(-3). Suppose 108 = 2*z + 3*z - 3*i, 0 = -4*z - i + 83. Calculate the greatest common factor of c and z.
21
Let m(j) = -2*j**2 + 57*j + 35. Let z be m(26). What is the greatest common divisor of z and 15?
15
Let u be 48*(-9)/(-6) + -2. Let b be 2/11 + 1976/143. What is the highest common factor of b and u?
14
Let y = 8 - -7. Calculate the highest common factor of y and 5.
5
Let r be (2/4)/(18/5544). Suppose -3 = -0*t - t. Suppose -r = -t*n + 2*n. What is the highest common factor of n and 14?
14
Let y = -11 - -7. Let l(v) be the second derivative of v**4/6 + 7*v**3/6 + 2*v**2 - v. Let t be l(y). What is the greatest common divisor of 64 and t?
8
Let j = 44 - 66. Let a = -16 - j. Calculate the highest common divisor of a and 66.
6
Suppose 0 = -3*j - 8*l + 3*l + 220, -3*j + 2*l = -227. What is the highest common factor of 15 and j?
15
Let n = 44 - 35. Calculate the greatest common divisor of 1 and n.
1
Let w(p) = -2*p + 1. Let d be w(-2). Let s = 5 + d. Calculate the greatest common factor of s and 1.
1
Let v(s) = s**3 - 9*s + 14. Let h be v(4). What is the greatest common divisor of 14 and h?
14
Suppose 7*t = t + 756. What is the highest common divisor of t and 21?
21
Suppose -3*x + 5*u = -64, -9 - 25 = -2*x - u. Calculate the highest common factor of x and 9.
9
Let j(l) = 31*l**2 - l. Let r be j(1). Let u(c) = 2*c + 1. Let b be u(7). Calculate the highest common factor of b and r.
15
Let h = 76 - 64. Calculate the highest common divisor of 3 and h.
3
Suppose 25 = -3*w + 61. Suppose -3*f = 4*o + 197, 0*f + 3*o + 321 = -5*f. Let i = 147 + f. Calculate the highest common divisor of i and w.
12
Let m(g) = g**3 - 10*g**2 + 10*g - 7. Let v(l) = l**2 + 2*l + 1. Let i be v(2). Let b be m(i). Calculate the greatest common divisor of 18 and b.
2
Let s = -136 + 229. Let u = 142 - s. Calculate the greatest common divisor of u and 7.
7
Let b be (-1 + (1 - 1))*0. Suppose -4*z = -b*z - 12, -3*h - 4*z + 48 = 0. Suppose 2 = -5*f + h. What is the highest common divisor of f and 18?
2
Suppose -2*m - 2*a + 3*a = -13, 5*a = -5. Let z be -3*6 - (1 - 3). Let b = z - -18. What is the greatest common divisor of b and m?
2
Let k = 19 - 17. Suppose -k*m + 4*b + 25 = -b, 4*b = -3*m + 49. What is the highest common divisor of m and 3?
3
Suppose 0*q + 2*q - 19 = -3*f, -5*q = -10. Suppose 0*h - h = 2*p - 140, -2*p - f*h = -124. Calculate the highest common factor of p and 18.
18
Suppose -2*n - 214 = -4*u, -2*u = -5*u + n + 161. What is the highest common divisor of 6 and u?
6
Let n = 72 + -36. Calculate the highest common factor of 12 and n.
12
Let y be ((-2)/3 + (-2608)/(-96))*2. What is the greatest common factor of 159 and y?
53
Let j(n) = -49*n + 42. Let d be j(-3). Calculate the greatest common divisor of d and 21.
21
Suppose l - 2 + 0 = 0. Let i be 5 + -3 + 18 + l. What is the greatest common factor of 11 and i?
11
Let n = 11 + -9. Let r be n/14 + 1250/70. What is the greatest common divisor of r and 9?
9
Suppose 5*a = -4*n + 35, -4*n = -5*a - 67 + 22. What is the greatest common divisor of n and 10?
10
Let z(r) = 7*r + 3. Let m be z(6). Let d = 11 + -6. What is the greatest common factor of d and m?
5
Let d = 72 + 148. Suppose 4*k - d = 220. Calculate the highest common divisor of k and 44.
22
Suppose -9*t = 4*t - 351. Let g(b) = 2*b**2 + 4*b + 3. Let n be g(-3). What is the greatest common divisor of t and n?
9
Let m be 2 + 3/(-3) + 2. Suppose 0 = m*f + y - 88, -148 = -2*f - 3*f - 2*y. Suppose 73 = 5*g + f. Calculate the highest common divisor of g and 18.
9
Let a = -46 + 60. Calculate the highest common factor of 21 and a.
7
Let p be 1/(-2)*7*-24. Calculate the highest common factor of 12 and p.
12
Let v(j) = -j**2 + 14*j - 29. Let d be v(7). Let x = 18 + 2. Calculate the greatest common factor of d and x.
20
Let o = -14 - -22. What is the greatest common divisor of o and 64?
8
Let a(f) = -6*f**3 - 2*f**2 + f - 2. Let z be a(-2). Let h = z - 12. Calculate the highest common divisor of h and 12.
12
Suppose 0*t + 11 = t + a, 0 = 3*t + 2*a - 28. What is the highest common divisor of t and 66?
6
Let r(u) = 7*u**2 + u. Let w = -6 - -7. Let j be r(w). Suppose -2*s + 196 = 3*c, -4*s - 184 = 2*c - 5*c. Calculate the greatest common factor of j and c.
8
Let o be 2 - (0 + (-2 - 0)). Let z be ((-1)/3)/(o/(-60)). What is the highest common factor of z and 20?
5
Let c = 693 - 309. Suppose -c = 2*k + q, -118 - 74 = k + 3*q. Let m = k + 300. What is the highest common factor of m and 12?
12
Let o = -40 + 47. Calculate the greatest common divisor of 28 and o.
7
Suppose 5*y - 4*s + 5*s - 204 = 0, 16 = 4*s. Suppose 0 = -4*c + 6 + 30. Let r = c - 4. Calculate the greatest common factor of r and y.
5
Suppose 0 = g + 4*g - 265. Let i = 27 + g. Calculate the highest common divisor of 10 and i.
10
Suppose 0*a = -5*a + 4*n + 340, -375 = -5*a - 3*n. Calculate the greatest common divisor of a and 8.
8
Let c be (1 + -2)*-1*64. Let y = 127 - c. Calculate the greatest common factor of 7 and y.
7
Let a(o) = 2*o. Let n be a(2). Suppose p = 4, 4*f + p - n*p = 36. What is the greatest common factor of f and 4?
4
Let z(f) = -5*f - 1. Let b be z(-7). Let q = b - 10. Let r = 5 + 11. Calculate the highest common factor of r and q.
8
Let o(r) = -r**3 + 7*r**2 - r + 8. Let u be o(7). Let d be -2 + u + 4*1. Suppose 0 = -d*j - 2 + 26. What is the greatest common divisor of 16 and j?
8
Suppose 17 = y - q, 2*q + 46 = -4*y + 7*y. What is the greatest common divisor of y and 12?
12
Let b = -2 + 5. Suppose 921 = 4*w + l, 4*l - 221 - 229 = -2*w. Suppose 6*o - b*o - w = 0. What is the highest common divisor of o and 7?
7
Let g(p) = 11*p + 11. Let y be g(5). What is the greatest common factor of y and 6?
6
Suppose -98 = -3*s + 265. Let v(a) = 5*a**2 + 2*a - 6*a - 3*a + a**3 + 5. Let o be v(-